2, 3, 47, 1733
List the prime factors of 1515064.
2, 229, 827
List the prime factors of 31810775.
5, 47, 27073
List the prime factors of 3423642.
2, 3, 23, 24809
List the prime factors of 6701786.
2, 7, 13, 23, 1601
List the prime factors of 3209173.
11, 291743
What are the prime factors of 278072?
2, 34759
List the prime factors of 4218307.
997, 4231
What are the prime factors of 232707?
3, 77569
List the prime factors of 721060.
2, 5, 31, 1163
List the prime factors of 2112493.
2112493
What are the prime factors of 9727908?
2, 3, 810659
List the prime factors of 441145.
5, 83, 1063
What are the prime factors of 29333860?
2, 5, 41, 83, 431
List the prime factors of 913797.
3, 101533
List the prime factors of 479752.
2, 7, 13, 659
List the prime factors of 1934921.
23, 84127
List the prime factors of 2545214.
2, 7, 29, 6269
What are the prime factors of 1319767?
73, 101, 179
List the prime factors of 1782904.
2, 222863
List the prime factors of 2316660.
2, 3, 5, 38611
What are the prime factors of 798784?
2, 7, 1783
List the prime factors of 3779067.
3, 1259689
List the prime factors of 1393107.
3, 233, 1993
What are the prime factors of 1454591?
1454591
List the prime factors of 9571453.
9571453
What are the prime factors of 182633?
11, 16603
What are the prime factors of 106756?
2, 13, 2053
What are the prime factors of 28828?
2, 7207
List the prime factors of 9198673.
11, 836243
List the prime factors of 2998983.
3, 13, 131, 587
What are the prime factors of 1554108?
2, 3, 129509
List the prime factors of 7622534.
2, 19, 29, 6917
List the prime factors of 3559139.
101, 131, 269
What are the prime factors of 3851865?
3, 5, 85597
What are the prime factors of 3764318?
2, 19, 23, 59, 73
List the prime factors of 894947.
894947
List the prime factors of 16223987.
13, 41, 61, 499
What are the prime factors of 1577470?
2, 5, 157747
List the prime factors of 2875410.
2, 3, 5, 43, 743
What are the prime factors of 963282?
2, 3, 181, 887
What are the prime factors of 337084?
2, 11, 47, 163
List the prime factors of 341858.
2, 11, 41, 379
What are the prime factors of 5013955?
5, 29, 151, 229
List the prime factors of 1016809.
61, 79, 211
What are the prime factors of 472095?
3, 5, 13, 269
List the prime factors of 584881.
11, 53171
What are the prime factors of 21214257?
3, 23, 53, 5801
List the prime factors of 144876.
2, 3, 12073
What are the prime factors of 1461090?
2, 3, 5, 113, 431
List the prime factors of 276857.
7, 39551
What are the prime factors of 1475933?
23, 64171
What are the prime factors of 8816758?
2, 83, 53113
List the prime factors of 1871551.
11, 170141
List the prime factors of 179850.
2, 3, 5, 11, 109
List the prime factors of 5023.
5023
List the prime factors of 147534.
2, 3, 67, 367
What are the prime factors of 270698?
2, 135349
List the prime factors of 17066576.
2, 59, 101, 179
What are the prime factors of 187885?
5, 53, 709
List the prime factors of 136235.
5, 11, 2477
What are the prime factors of 329394?
2, 3, 13, 41, 103
List the prime factors of 1601880.
2, 3, 5, 7, 1907
List the prime factors of 1960706.
2, 11, 89123
List the prime factors of 13681314.
2, 3, 53, 14341
What are the prime factors of 171661?
7, 137, 179
What are the prime factors of 3309078?
2, 3, 19, 29027
List the prime factors of 4158918.
2, 3, 77017
List the prime factors of 742847.
7, 106121
List the prime factors of 8293163.
1223, 6781
What are the prime factors of 8120264?
2, 31, 137, 239
What are the prime factors of 1205530?
2, 5, 29, 4157
What are the prime factors of 205974?
2, 3, 11443
What are the prime factors of 24743151?
3, 305471
List the prime factors of 2788819.
11, 23, 73, 151
List the prime factors of 533427.
3, 269, 661
What are the prime factors of 1200415?
5, 409, 587
What are the prime factors of 278443?
11, 17, 1489
What are the prime factors of 21424649?
29, 738781
What are the prime factors of 4463814?
2, 3, 31, 103, 233
What are the prime factors of 6890629?
317, 21737
What are the prime factors of 380881?
380881
What are the prime factors of 406431?
3, 15053
What are the prime factors of 225735?
3, 5, 101, 149
List the prime factors of 2330427.
3, 11, 70619
What are the prime factors of 9462787?
29, 37, 8819
List the prime factors of 5485861.
109, 50329
What are the prime factors of 120604?
2, 11, 2741
What are the prime factors of 396449?
396449
What are the prime factors of 340137?
3, 7, 5399
List the prime factors of 35212291.
35212291
What are the prime factors of 449374?
2, 23, 9769
List the prime factors of 244098.
2, 3, 71, 191
What are the prime factors of 304270?
2, 5, 30427
What are the prime factors of 21469?
7, 3067
List the prime factors of 907219.
827, 1097
List the prime factors of 137059.
13, 811
What are the prime factors of 383957?
7, 54851
List the prime factors of 2126598.
2, 3, 17, 20849
List the prime factors of 297185.
5, 7, 1213
What are the prime factors of 142764?
2, 3, 11897
List the prime factors of 227460.
2, 3, 5, 17, 223
What are the prime factors of 2299271?
13, 137, 1291
What are the prime factors of 50862?
2, 3, 7, 173
List the prime factors of 351840.
2, 3, 5, 733
What are the prime factors of 14849665?
5, 2969933
List the prime factors of 2082422.
2, 89, 11699
What are the prime factors of 170857?
170857
What are the prime factors of 7394254?
2, 7, 67, 7883
What are the prime factors of 2112394?
2, 107, 9871
List the prime factors of 582329.
11, 167, 317
What are the prime factors of 11157825?
3, 5, 7, 53, 401
List the prime factors of 646861.
47, 13763
What are the prime factors of 392170?
2, 5, 39217
List the prime factors of 125268.
2, 3, 11, 13, 73
What are the prime factors of 4038113?
4038113
What are the prime factors of 160132?
2, 7, 19, 43
List the prime factors of 119196.
2, 3, 7, 11, 43
List the prime factors of 4067654.
2, 983, 2069
What are the prime factors of 132279?
3, 7, 6299
What are the prime factors of 449461?
47, 73, 131
List the prime factors of 263060.
2, 5, 7, 1879
List the prime factors of 4714688.
2, 11, 37, 181
What are the prime factors of 1558859?
613, 2543
What are the prime factors of 9685653?
3, 1693, 1907
List the prime factors of 421025.
5, 11, 1531
List the prime factors of 215315.
5, 43063
List the prime factors of 2070369.
3, 7, 59, 557
List the prime factors of 132401.
31, 4271
What are the prime factors of 2875669?
17, 19, 29, 307
List the prime factors of 17809156.
2, 19, 234331
What are the prime factors of 565371?
3, 62819
List the prime factors of 943810.
2, 5, 7, 97, 139
List the prime factors of 7295045.
5, 1021, 1429
What are the prime factors of 342620?
2, 5, 37, 463
List the prime factors of 247896.
2, 3, 11, 313
What are the prime factors of 3004375?
5, 11, 19, 23
List the prime factors of 326298.
2, 3, 7, 17, 457
What are the prime factors of 3204070?
2, 5, 373, 859
What are the prime factors of 163212?
2, 3, 7, 29, 67
List the prime factors of 11907521.
103, 193, 599
List the prime factors of 687902.
2, 343951
What are the prime factors of 171627?
3, 19, 3011
What are the prime factors of 223493?
223493
List the prime factors of 1271424.
2, 3, 7, 11, 43
List the prime factors of 104142.
2, 3, 17, 1021
List the prime factors of 590118.
2, 3, 59, 1667
What are the prime factors of 603365?
5, 7, 17239
What are the prime factors of 2793563?
2793563
List the prime factors of 9858775.
5, 31, 12721
List the prime factors of 1283333.
1283333
List the prime factors of 3723836.
2, 251, 3709
List the prime factors of 19832308.
2, 47, 105491
List the prime factors of 441321.
3, 147107
List the prime factors of 13686977.
1867, 7331
List the prime factors of 6175578.
2, 3, 1029263
What are the prime factors of 2788360?
2, 5, 69709
List the prime factors of 48891.
3, 43, 379
What are the prime factors of 1655551?
1655551
What are the prime factors of 28058?
2, 14029
List the prime factors of 1394727.
3, 464909
List the prime factors of 677510.
2, 5, 67751
What are the prime factors of 4422703?
17, 29, 8971
What are the prime factors of 343668?
2, 3, 13, 2203
List the prime factors of 13766914.
2, 7, 31, 31721
What are the prime factors of 77066?
2, 11, 31, 113
List the prime factors of 31749.
3, 19, 557
List the prime factors of 19065954.
2, 3, 3